3, 5, 7
Suppose 5*i + 2*g = 3, 10*i - 5*i - 3*g = -17. Let a be (4 + -6)*i/((-2)/(-3)). Suppose 3*r = 5*x - r - 408, -406 = -5*x + a*r. What are the prime factors of x?
2, 5
Let b(z) = 39*z - 6. Let m be b(-4). Let i be -1 + (-11)/(22/(-468)). Let w = m + i. What are the prime factors of w?
71
Suppose 3*r - 949 = 230. Let a = 633 - r. What are the prime factors of -6 + a/39 - (-2752)/26?
2, 53
Let o = 8692 + -3868. List the prime factors of o.
2, 3, 67
Let o be 44/10 - 12/30. Let a(n) = n**3 - 3*n**2 - 3*n - 4. Let t be a(o). Suppose -17*r + 7*r + 830 = t. What are the prime factors of r?
83
Let o(i) = 2*i**2 - 107*i + 4549. List the prime factors of o(-120).
11, 13, 17, 19
Let a(d) = 3*d - 25. Let p be a(10). Suppose -l - 1031 = -p*y, 2*y + 3*l - 430 = -l. Suppose -3*r + y = 4*o, 4*o = o - 5*r + 169. List the prime factors of o.
2, 3
Let u(a) = a**2 + 4*a - 126. Let z be u(-14). Suppose -3*o = 18*d - z*d - 3212, 0 = 4*d + o - 3220. What are the prime factors of d?
2, 13, 31
Let g = 12 - -23. Let l(h) = 4*h**2 + 22*h + 5. Let u be l(-5). Let m = g - u. What are the prime factors of m?
2, 5
Let y = -46 - -52. Suppose -540 = -4*x + 5*g, -y*x + 5*x + 5*g + 150 = 0. What are the prime factors of x?
2, 5, 13
Let o be -3 - -1 - (-28 - -8). Let m = o - 10. What are the prime factors of 6/m - 2124/(-48)?
3, 5
Suppose 7*t - 26*t - 266 = 0. Let l(v) = -40*v + 44. List the prime factors of l(t).
2, 151
Suppose 468*q - 931*q + 158672 = -447*q. What are the prime factors of q?
47, 211
Suppose 5*h = 0, i - 3*i - 46 = 5*h. Let j = 23 + i. Suppose j = 5*n - 5*l - 125, 4*n = 5*n - 5*l - 29. What are the prime factors of n?
2, 3
Let i(m) be the second derivative of 17*m**3/3 - 17*m**2/2 - 491*m + 2. Let c(g) = 2*g**2 - g. Let v be c(-1). What are the prime factors of i(v)?
5, 17
What are the prime factors of 14474 + -15 + 23 + 5?
3, 11, 439
Suppose 7*s - 12*s = -15. Suppose -s*m = -191 - 121. List the prime factors of m.
2, 13
Let o(x) = x**3 + 3*x**2 - 5*x - 4. Let u be o(-3). Let l be (-12)/(108/(-45))*23. Suppose -3*j + l = -u. List the prime factors of j.
2, 3, 7
Let z = -23379 + 34866. What are the prime factors of z?
3, 7, 547
List the prime factors of (-2430708)/(-608) + (-4)/(-32).
2, 1999
Let c = -750 - -1174. Let i = c + -22. What are the prime factors of i?
2, 3, 67
Let i = 488 + -484. Suppose i*o + 5*y = 2149, -5*y + 0*y = 3*o - 1608. List the prime factors of o.
541
What are the prime factors of 4/9 - ((-600446)/198 - 9)?
2, 3, 13
Let r be 15/(-10) + (-2525)/(-10). Suppose -1295 = -5*i - 10*c + 5*c, -i + c = -r. What are the prime factors of i?
3, 5, 17
Suppose 11*j = 29 + 4. Let b(y) = 20*y**2 - 11*y + 2. What are the prime factors of b(j)?
149
Suppose -1072*l = -1066*l - 3420. What are the prime factors of l?
2, 3, 5, 19
Let y = 2227 - 885. Let k = y - 397. What are the prime factors of k?
3, 5, 7
Suppose -15 + 11 = -2*r - g, 8 = 4*r - 3*g. Suppose -r*s + 3022 = j, -3*j + 7 - 1 = 0. List the prime factors of s.
2, 5, 151
Let q(c) = 1682*c - 3848. List the prime factors of q(12).
2, 1021
Suppose 35*x = 259*x + 100*x - 5992380. List the prime factors of x.
3, 5, 137
Let a = 196 + -135. Suppose -8*j + 35 = -a. Suppose -17*p = -j*p - 770. List the prime factors of p.
2, 7, 11
Suppose -26*h = -29*h + 1620. Let o = 1024 - h. List the prime factors of o.
2, 11
Let q = 7450 - 4285. Let y = q - 1661. List the prime factors of y.
2, 47
Let w = 10492 + -4347. What are the prime factors of w?
5, 1229
Suppose 2*q - 5*z - 88436 = 0, -4*q + 52283 + 124641 = 3*z. What are the prime factors of q?
2, 11057
Suppose -15*a = -14*a - 3, 5*k - 4*a = 208843. List the prime factors of k.
41771
Let w = -1872 - -3696. List the prime factors of w.
2, 3, 19
Suppose -178 = -y - 0*y - 5*a, 3*a + 15 = 0. Suppose 4*p = 5*p + y. Let k = -92 - p. What are the prime factors of k?
3, 37
Suppose -3 - 73 = -4*g. Suppose -7*w + 2*w - 25 = 0, -3*b - 2*w = g. What are the prime factors of 15*((-21)/b - 2)?
3, 5
Suppose 44*s - 262542 - 421259 = -27*s. List the prime factors of s.
9631
Let k = 1 - -1. Suppose -84 - 1 = -3*b - 5*a, k*b - 4*a = 64. Suppose b*m + 348 = 34*m. What are the prime factors of m?
3, 29
Suppose -22*j + 23*j - 2526 = 0. Suppose j = 8*w - 1162. What are the prime factors of w?
461
Let l(b) = -3*b + 54. Let h = 36 + -44. What are the prime factors of l(h)?
2, 3, 13
Suppose -5563088 = -364*h + 8852768. List the prime factors of h.
2, 9901
Suppose -12175 + 3618 = -a. List the prime factors of a.
43, 199
Suppose 25*b = 3*l + 23*b - 36977, -5*l + 2*b + 61631 = 0. What are the prime factors of l?
3, 7, 587
Suppose 14066 = 5*x + 5*d - 2*d, 6 = 3*d. What are the prime factors of x?
2, 19, 37
Let f(m) = m**3 - 1. Let d(r) = 68*r**3 - 2*r**2 + 4*r - 3. Let i(t) = -d(t) - f(t). Let g be i(2). What are the prime factors of (g/(-16) - 0)*4?
137
Let h(s) = 5*s - 15. Let j be h(-5). Let r be ((-6)/15)/((-16)/j). Let w(d) = -89*d - 2. What are the prime factors of w(r)?
3, 29
Let d(n) = 3217*n - 56. What are the prime factors of d(5)?
3, 13, 137
Suppose 2*u = -2*b + 2578, -44*b = 3*u - 48*b - 3860. Suppose 9*a - 152 - u = 0. List the prime factors of a.
2, 5
What are the prime factors of ((-18)/(-12))/((-5)/(-6700))?
2, 3, 5, 67
Suppose -80*x + 165039 = 11*x - 4*x. List the prime factors of x.
7, 271
Let p = -810 - -3719. What are the prime factors of p?
2909
Suppose 0*j - 71111 = -0*j - 17*j. List the prime factors of j.
47, 89
Suppose -10*q - 21 = -41. Suppose 87 + 18 = 5*s. Suppose 2*n - 3*r - s = -3, 0 = -4*n + q*r + 44. What are the prime factors of n?
2, 3
Let k(m) = 37*m**2 - 9*m - 2. Let l(w) = 19*w**2 - 3*w - 1. Let c(a) = 4*k(a) - 7*l(a). List the prime factors of c(-5).
449
Let l be -5 - ((-6)/3 - 12652). Suppose -5*b - l = -18*b. Suppose u = 3, 4*q + 100 = -3*u + b. What are the prime factors of q?
2, 3
Suppose 2*t - 15 = 2*u - u, 3*t - 24 = u. Let r(c) = 6*c**2 + 11*c - 8. List the prime factors of r(t).
577
Let t = 230 - 221. What are the prime factors of (-5916)/(-8)*6/t?
17, 29
Suppose -s = 2*l - 4047, -2*s + 3055 = l - 5054. List the prime factors of s.
4057
What are the prime factors of 13138/(-4)*-1 - 266/532?
2, 821
Let w(z) = 6*z**2 + 16*z - 78. Let i = 699 + -689. What are the prime factors of w(i)?
2, 11, 31
Suppose 10*p - 13020 = 14*h - 18*h, 4*h + 5*p = 13040. List the prime factors of h.
5, 653
Let j = 686 + -475. Let h = j - -42. What are the prime factors of h?
11, 23
What are the prime factors of (9/27)/(9/3 + (-1589300)/529770)?
17659
Let t(k) = 74*k**2 + 23*k - 220. What are the prime factors of t(-16)?
2, 13, 353
Let o(v) = 116*v**2 + 429*v - 80. What are the prime factors of o(11)?
3, 5, 83
Suppose 0 = 15*p + 12502 - 151034 - 326558. List the prime factors of p.
2, 37, 419
Let c(t) = 4*t**3 - 3*t**2 + 5*t - 4. Let f be c(2). Let g = -33 + f. List the prime factors of (g/(-28) - 3/(-4)) + 86.
3, 29
Let p(c) be the first derivative of 29*c**6/180 + c**5/60 + c**4/12 - 5*c**3/3 - 26. Let i(d) be the third derivative of p(d). List the prime factors of i(-1).
2, 29
Let z(o) = -o**2 - 15*o - 40. Let j be z(-4). Suppose j*b - 212 = 4*p, 5*p - 49 = 2*b - 149. Let g = 343 - b. List the prime factors of g.
2, 3
Let u(g) be the second derivative of 1/6*g**4 + 31*g + 0 + 5*g**2 - 1/6*g**3. List the prime factors of u(-9).
181
Let u(h) = h + 8. Let o(l) = 2*l + 15. Let z(i) = 4*o(i) - 9*u(i). Let y be z(-7). List the prime factors of (-591)/y + 4/(-20).
2, 59
Let f be (4/(-6)*12/(-1))/2. Suppose f*r - r + 7 = 5*s, 5*r + 2*s = -53. Let m(h) = -5*h + 11. List the prime factors of m(r).
2, 7
Let f(t) = -2*t - 24. Let o be f(-13). Let u be o*1/(-2) + 4 + -5. What are the prime factors of u - (-1 + (-12)/9)*39?
89
Suppose -31*w = -8*w - 1564. Suppose -w*i = -53*i - 4410. List the prime factors of i.
2, 3, 7
Let g be -3*(-1)/(-3) + -10. Let r = 4 - g. Suppose -130 = 13*j - r*j. List the prime factors of j.
5, 13
Let b = -37800 - -98083. List the prime factors of b.
23, 2621
Let g(j) be the first derivative of 3*j**2/2 + 30*j - 1. Suppose 3*h = -z + 1, 4*h - 6 = -48*z + 46*z. List the prime factors of g(z).
3, 17
Suppose w = -4*a - 0*a + 7893, -31512 = -4*w + 4*a. List the prime factors of w.
3, 37, 71
Suppose 0 = -32*o + 26*o + 6924. Let y = o - 819. List the prime